{"id":23,"date":"2026-01-15T10:00:24","date_gmt":"2026-01-15T10:00:24","guid":{"rendered":"https:\/\/kapaf.se\/?page_id=23"},"modified":"2026-03-24T09:22:52","modified_gmt":"2026-03-24T09:22:52","slug":"om-oss","status":"publish","type":"page","link":"https:\/\/kapaf.se\/?page_id=23","title":{"rendered":"Om oss"},"content":{"rendered":"\n<p>Karlstad Pole- och Aerialf\u00f6rening \u00e4r en ideell f\u00f6rening som best\u00e5r av en styrelse och sina medlemmar- F\u00f6reningen bildades november 2025.<\/p>\n\n\n\n<p>F\u00f6reningen h\u00e5ller till i lokalerna hos <a href=\"http:\/\/www.studiobrass.se\" target=\"_blank\" rel=\"noreferrer noopener\">Studio Brass<\/a> p\u00e5 S\u00e5gverksgatan 6 i Karlstad.<\/p>\n\n\n\n<p>I styrelsen f\u00f6r \u00e5ret 2026 sitter:<\/p>\n\n\n\n<ul class=\"wp-block-list\">\n<li>Ordf\u00f6rande: Catrin Davidson<\/li>\n\n\n\n<li>Kass\u00f6r: Sara Clettborn<\/li>\n\n\n\n<li>Ledamot: Frida Lidar<\/li>\n\n\n\n<li>Suppleant: Jenny Walter<\/li>\n<\/ul>\n\n\n\n<p>F\u00f6reningen har som \u00e4ndam\u00e5l att utveckla kunskapen och intresset f\u00f6r pole och aerial i V\u00e4rmland, och Sverige, &nbsp;genom t\u00e4vling i svenska m\u00e4sterskapen. <\/p>\n\n\n\n<p>F\u00f6reningen ska motverka all form av diskriminering samt aktivt verka f\u00f6r en dopingfri idrott.<\/p>\n\n\n\n<p>F\u00f6reningen best\u00e5r av de fysiska personer som har upptagits i f\u00f6reningen som medlemmar.<\/p>\n\n\n\n<p>F\u00f6reningen \u00e4r medlem i <a href=\"http:\/\/svenskpoleochaerial.se\/\" target=\"_blank\" rel=\"noreferrer noopener\">Svenska pole \u2013 och Aerialf\u00f6rbundet<\/a> (SPFB).<\/p>\n\n\n\n<p>F\u00f6reningen \u00e4r skyldig att f\u00f6lja SPFB:s stadgar, t\u00e4vlingsregler och beslut fattade av dessa idrottsorgan.<\/p>\n\n\n\n<h2 class=\"wp-block-heading\">Stadgar<\/h2>\n\n\n\n<div data-wp-interactive=\"core\/file\" class=\"wp-block-file\"><object data-wp-bind--hidden=\"!state.hasPdfPreview\" hidden class=\"wp-block-file__embed\" data=\"https:\/\/kapaf.se\/wp-content\/uploads\/2026\/01\/Stadgar-Karlstad-pole-och-aerialforening.pdf\" type=\"application\/pdf\" style=\"width:100%;height:600px\" aria-label=\"Inb\u00e4ddning av Stadgar Karlstad pole- och aerialf\u00f6rening.\"><\/object><a id=\"wp-block-file--media-aaa5908e-fbdf-486b-86b3-3923de544e42\" href=\"https:\/\/kapaf.se\/wp-content\/uploads\/2026\/01\/Stadgar-Karlstad-pole-och-aerialforening.pdf\">Stadgar Karlstad pole- och aerialf\u00f6rening<\/a><a href=\"https:\/\/kapaf.se\/wp-content\/uploads\/2026\/01\/Stadgar-Karlstad-pole-och-aerialforening.pdf\" class=\"wp-block-file__button wp-element-button\" download aria-describedby=\"wp-block-file--media-aaa5908e-fbdf-486b-86b3-3923de544e42\">Ladda ner<\/a><\/div>\n","protected":false},"excerpt":{"rendered":"<p>Karlstad Pole- och Aerialf\u00f6rening \u00e4r en ideell f\u00f6rening som best\u00e5r av en styrelse och sina medlemmar- F\u00f6reningen bildades november 2025. F\u00f6reningen h\u00e5ller till i lokalerna hos Studio Brass p\u00e5 S\u00e5gverksgatan 6 i Karlstad. I styrelsen f\u00f6r \u00e5ret 2026 sitter: F\u00f6reningen har som \u00e4ndam\u00e5l att utveckla kunskapen och intresset f\u00f6r pole och aerial i V\u00e4rmland, och [&hellip;]<\/p>\n","protected":false},"author":1,"featured_media":0,"parent":0,"menu_order":0,"comment_status":"closed","ping_status":"closed","template":"","meta":{"footnotes":""},"class_list":["post-23","page","type-page","status-publish","hentry"],"_links":{"self":[{"href":"https:\/\/kapaf.se\/index.php?rest_route=\/wp\/v2\/pages\/23","targetHints":{"allow":["GET"]}}],"collection":[{"href":"https:\/\/kapaf.se\/index.php?rest_route=\/wp\/v2\/pages"}],"about":[{"href":"https:\/\/kapaf.se\/index.php?rest_route=\/wp\/v2\/types\/page"}],"author":[{"embeddable":true,"href":"https:\/\/kapaf.se\/index.php?rest_route=\/wp\/v2\/users\/1"}],"replies":[{"embeddable":true,"href":"https:\/\/kapaf.se\/index.php?rest_route=%2Fwp%2Fv2%2Fcomments&post=23"}],"version-history":[{"count":9,"href":"https:\/\/kapaf.se\/index.php?rest_route=\/wp\/v2\/pages\/23\/revisions"}],"predecessor-version":[{"id":99,"href":"https:\/\/kapaf.se\/index.php?rest_route=\/wp\/v2\/pages\/23\/revisions\/99"}],"wp:attachment":[{"href":"https:\/\/kapaf.se\/index.php?rest_route=%2Fwp%2Fv2%2Fmedia&parent=23"}],"curies":[{"name":"wp","href":"https:\/\/api.w.org\/{rel}","templated":true}]}}

<p>Karlstad Pole- och Aerialförening är en ideell förening som består av en styrelse och sina medlemmar- Föreningen bildades november 2025.</p>



<p>Föreningen håller till i lokalerna hos <a href="http://www.studiobrass.se" target="_blank" rel="noreferrer noopener">Studio Brass</a> på Sågverksgatan 6 i Karlstad.</p>



<p>I styrelsen för året 2026 sitter:</p>



<ul class="wp-block-list">
<li>Ordförande: Catrin Davidson</li>



<li>Kassör: Sara Clettborn</li>



<li>Ledamot: Frida Lidar</li>



<li>Suppleant: Jenny Walter</li>
</ul>



<p>Föreningen har som ändamål att utveckla kunskapen och intresset för pole och aerial i Värmland, och Sverige, &nbsp;genom tävling i svenska mästerskapen. </p>



<p>Föreningen ska motverka all form av diskriminering samt aktivt verka för en dopingfri idrott.</p>



<p>Föreningen består av de fysiska personer som har upptagits i föreningen som medlemmar.</p>



<p>Föreningen är medlem i <a href="http://svenskpoleochaerial.se/" target="_blank" rel="noreferrer noopener">Svenska pole – och Aerialförbundet</a> (SPFB).</p>



<p>Föreningen är skyldig att följa SPFB:s stadgar, tävlingsregler och beslut fattade av dessa idrottsorgan.</p>



<h2 class="wp-block-heading">Stadgar</h2>



<div data-wp-interactive="core/file" class="wp-block-file"><object data-wp-bind--hidden="!state.hasPdfPreview" hidden class="wp-block-file__embed" data="https://kapaf.se/wp-content/uploads/2026/01/Stadgar-Karlstad-pole-och-aerialforening.pdf" type="application/pdf" style="width:100%;height:600px" aria-label="Inbäddning av Stadgar Karlstad pole- och aerialförening."></object><a id="wp-block-file--media-aaa5908e-fbdf-486b-86b3-3923de544e42" href="https://kapaf.se/wp-content/uploads/2026/01/Stadgar-Karlstad-pole-och-aerialforening.pdf">Stadgar Karlstad pole- och aerialförening</a><a href="https://kapaf.se/wp-content/uploads/2026/01/Stadgar-Karlstad-pole-och-aerialforening.pdf" class="wp-block-file__button wp-element-button" download aria-describedby="wp-block-file--media-aaa5908e-fbdf-486b-86b3-3923de544e42">Ladda ner</a></div>

<p>Karlstad Pole- och Aerialförening är en ideell förening som består av en styrelse och sina medlemmar- Föreningen bildades november 2025. Föreningen håller till i lokalerna hos Studio Brass på Sågverksgatan 6 i Karlstad. I styrelsen för året 2026 sitter: Föreningen har som ändamål att utveckla kunskapen och intresset för pole och aerial i Värmland, och [&hellip;]</p>
