{"id":16,"date":"2026-01-14T21:52:14","date_gmt":"2026-01-14T21:52:14","guid":{"rendered":"https:\/\/kapaf.se\/?page_id=16"},"modified":"2026-02-13T09:12:34","modified_gmt":"2026-02-13T09:12:34","slug":"tavling","status":"publish","type":"page","link":"https:\/\/kapaf.se\/?page_id=16","title":{"rendered":"T\u00e4vling"},"content":{"rendered":"\n<figure class=\"wp-block-image alignright size-large is-resized\"><img loading=\"lazy\" decoding=\"async\" width=\"768\" height=\"1024\" src=\"https:\/\/kapaf.se\/wp-content\/uploads\/2026\/01\/IMG_9773-2-768x1024.jpg\" alt=\"\" class=\"wp-image-79\" style=\"aspect-ratio:0.7499961852445258;width:470px;height:auto\" srcset=\"https:\/\/kapaf.se\/wp-content\/uploads\/2026\/01\/IMG_9773-2-768x1024.jpg 768w, https:\/\/kapaf.se\/wp-content\/uploads\/2026\/01\/IMG_9773-2-225x300.jpg 225w, https:\/\/kapaf.se\/wp-content\/uploads\/2026\/01\/IMG_9773-2-1152x1536.jpg 1152w, https:\/\/kapaf.se\/wp-content\/uploads\/2026\/01\/IMG_9773-2-1536x2048.jpg 1536w, https:\/\/kapaf.se\/wp-content\/uploads\/2026\/01\/IMG_9773-2-scaled.jpg 1920w\" sizes=\"auto, (max-width: 768px) 100vw, 768px\" \/><\/figure>\n\n\n\n<p>Du som ska t\u00e4vla i Svenska M\u00e4sterskapen i pole och aerial, arrangerat av Svenska polef\u00f6rbundet beh\u00f6ver vara medlem i en <a href=\"https:\/\/kapaf.se\/?page_id=21\" data-type=\"page\" data-id=\"21\">f\u00f6rening<\/a>. <\/p>\n\n\n\n<p>2026 utspelar sig <a href=\"http:\/\/svenskpoleochaerial.se\/t%C3%A4vling2\/tavlande\" target=\"_blank\" rel=\"noreferrer noopener\">svenska m\u00e4sterskapen<\/a> 17-19:e april i Kristianstad. <\/p>\n\n\n\n<h4 class=\"wp-block-heading\">Som t\u00e4vlingsmedlem i v\u00e5r f\u00f6rening f\u00e5r du:<\/h4>\n\n\n\n<p>Tre informationsm\u00f6ten med f\u00f6reningen och \u00f6vriga t\u00e4vlande. Dessa \u00e4r p\u00e5 plats p\u00e5 S\u00e5gverksgatan 6.<\/p>\n\n\n\n<p>Infom\u00f6te 1 \u00e4r s\u00f6ndag 8\/2 kl. 16:00<\/p>\n\n\n\n<p>Infom\u00f6te 2 \u00e4r s\u00f6ndag 8\/3 kl. 16:00<\/p>\n\n\n\n<p>Infom\u00f6te 3 \u00e4r s\u00f6ndag 12\/4 kl. 13:00 i samband med genrep.<\/p>\n\n\n\n<p>Du f\u00e5r ocks\u00e5 tv\u00e5 tr\u00e4ningstillf\u00e4llen med t\u00e4vlingsupps\u00e4ttning, d\u00e5 stolparna \u00e4r uppst\u00e4llda som p\u00e5 t\u00e4vling, samt ett genrep inf\u00f6r publik, ca 1,5 veckor f\u00f6re t\u00e4vling. <\/p>\n\n\n\n<p>Hj\u00e4lp och st\u00f6ttning av andra t\u00e4vlande och coacher i teamet.<\/p>\n\n\n\n<h4 class=\"wp-block-heading\">Vad du beh\u00f6ver k\u00f6pa sj\u00e4lv:<\/h4>\n\n\n\n<p>T\u00e4vlingsavgift till SPFB (men inte medlemsavgift).<\/p>\n\n\n\n<p>Hyra av f\u00f6reningens tracksuit, kostar 200 kr. \u00c5terl\u00e4mnas otv\u00e4ttad.<\/p>\n\n\n\n<p>Tillg\u00e5ng till egen tr\u00e4ning k\u00f6ps fr\u00e5n den studio du tillh\u00f6r. <\/p>\n","protected":false},"excerpt":{"rendered":"<p>Du som ska t\u00e4vla i Svenska M\u00e4sterskapen i pole och aerial, arrangerat av Svenska polef\u00f6rbundet beh\u00f6ver vara medlem i en f\u00f6rening. 2026 utspelar sig svenska m\u00e4sterskapen 17-19:e april i Kristianstad. Som t\u00e4vlingsmedlem i v\u00e5r f\u00f6rening f\u00e5r du: Tre informationsm\u00f6ten med f\u00f6reningen och \u00f6vriga t\u00e4vlande. Dessa \u00e4r p\u00e5 plats p\u00e5 S\u00e5gverksgatan 6. Infom\u00f6te 1 \u00e4r s\u00f6ndag [&hellip;]<\/p>\n","protected":false},"author":1,"featured_media":0,"parent":0,"menu_order":0,"comment_status":"closed","ping_status":"closed","template":"","meta":{"footnotes":""},"class_list":["post-16","page","type-page","status-publish","hentry"],"_links":{"self":[{"href":"https:\/\/kapaf.se\/index.php?rest_route=\/wp\/v2\/pages\/16","targetHints":{"allow":["GET"]}}],"collection":[{"href":"https:\/\/kapaf.se\/index.php?rest_route=\/wp\/v2\/pages"}],"about":[{"href":"https:\/\/kapaf.se\/index.php?rest_route=\/wp\/v2\/types\/page"}],"author":[{"embeddable":true,"href":"https:\/\/kapaf.se\/index.php?rest_route=\/wp\/v2\/users\/1"}],"replies":[{"embeddable":true,"href":"https:\/\/kapaf.se\/index.php?rest_route=%2Fwp%2Fv2%2Fcomments&post=16"}],"version-history":[{"count":8,"href":"https:\/\/kapaf.se\/index.php?rest_route=\/wp\/v2\/pages\/16\/revisions"}],"predecessor-version":[{"id":83,"href":"https:\/\/kapaf.se\/index.php?rest_route=\/wp\/v2\/pages\/16\/revisions\/83"}],"wp:attachment":[{"href":"https:\/\/kapaf.se\/index.php?rest_route=%2Fwp%2Fv2%2Fmedia&parent=16"}],"curies":[{"name":"wp","href":"https:\/\/api.w.org\/{rel}","templated":true}]}}

Tävling

<figure class="wp-block-image alignright size-large is-resized"><img loading="lazy" decoding="async" width="768" height="1024" src="https://kapaf.se/wp-content/uploads/2026/01/IMG_9773-2-768x1024.jpg" alt="" class="wp-image-79" style="aspect-ratio:0.7499961852445258;width:470px;height:auto" srcset="https://kapaf.se/wp-content/uploads/2026/01/IMG_9773-2-768x1024.jpg 768w, https://kapaf.se/wp-content/uploads/2026/01/IMG_9773-2-225x300.jpg 225w, https://kapaf.se/wp-content/uploads/2026/01/IMG_9773-2-1152x1536.jpg 1152w, https://kapaf.se/wp-content/uploads/2026/01/IMG_9773-2-1536x2048.jpg 1536w, https://kapaf.se/wp-content/uploads/2026/01/IMG_9773-2-scaled.jpg 1920w" sizes="auto, (max-width: 768px) 100vw, 768px" /></figure>



<p>Du som ska tävla i Svenska Mästerskapen i pole och aerial, arrangerat av Svenska poleförbundet behöver vara medlem i en <a href="https://kapaf.se/?page_id=21" data-type="page" data-id="21">förening</a>. </p>



<p>2026 utspelar sig <a href="http://svenskpoleochaerial.se/t%C3%A4vling2/tavlande" target="_blank" rel="noreferrer noopener">svenska mästerskapen</a> 17-19:e april i Kristianstad. </p>



<h4 class="wp-block-heading">Som tävlingsmedlem i vår förening får du:</h4>



<p>Tre informationsmöten med föreningen och övriga tävlande. Dessa är på plats på Sågverksgatan 6.</p>



<p>Infomöte 1 är söndag 8/2 kl. 16:00</p>



<p>Infomöte 2 är söndag 8/3 kl. 16:00</p>



<p>Infomöte 3 är söndag 12/4 kl. 13:00 i samband med genrep.</p>



<p>Du får också två träningstillfällen med tävlingsuppsättning, då stolparna är uppställda som på tävling, samt ett genrep inför publik, ca 1,5 veckor före tävling. </p>



<p>Hjälp och stöttning av andra tävlande och coacher i teamet.</p>



<h4 class="wp-block-heading">Vad du behöver köpa själv:</h4>



<p>Tävlingsavgift till SPFB (men inte medlemsavgift).</p>



<p>Hyra av föreningens tracksuit, kostar 200 kr. Återlämnas otvättad.</p>



<p>Tillgång till egen träning köps från den studio du tillhör. </p>

<p>Du som ska tävla i Svenska Mästerskapen i pole och aerial, arrangerat av Svenska poleförbundet behöver vara medlem i en förening. 2026 utspelar sig svenska mästerskapen 17-19:e april i Kristianstad. Som tävlingsmedlem i vår förening får du: Tre informationsmöten med föreningen och övriga tävlande. Dessa är på plats på Sågverksgatan 6. Infomöte 1 är söndag [&hellip;]</p>
